Last updated on 2025-10-27 20:50:17 CET.
| Flavor | Version | Tinstall | Tcheck | Ttotal | Status | Flags |
|---|---|---|---|---|---|---|
| r-devel-linux-x86_64-debian-clang | 1.0.0 | 9.12 | 62.48 | 71.60 | NOTE | |
| r-devel-linux-x86_64-debian-gcc | 1.0.0 | 6.30 | 46.00 | 52.30 | NOTE | |
| r-devel-linux-x86_64-fedora-clang | 1.0.0 | 17.00 | 89.84 | 106.84 | OK | |
| r-devel-linux-x86_64-fedora-gcc | 1.0.0 | 17.00 | 86.30 | 103.30 | OK | |
| r-devel-windows-x86_64 | 1.0.0 | 9.00 | 66.00 | 75.00 | OK | |
| r-patched-linux-x86_64 | 1.0.0 | 8.58 | 58.79 | 67.37 | OK | |
| r-release-linux-x86_64 | 1.0.0 | 9.35 | 59.57 | 68.92 | OK | |
| r-release-macos-arm64 | 1.0.0 | 4.00 | 28.00 | 32.00 | OK | |
| r-release-macos-x86_64 | 1.0.0 | 8.00 | 49.00 | 57.00 | OK | |
| r-release-windows-x86_64 | 1.0.0 | 10.00 | 69.00 | 79.00 | OK | |
| r-oldrel-macos-arm64 | 1.0.0 | 4.00 | 26.00 | 30.00 | OK | |
| r-oldrel-macos-x86_64 | 1.0.0 | 6.00 | 41.00 | 47.00 | OK | |
| r-oldrel-windows-x86_64 | 1.0.0 | 12.00 | 82.00 | 94.00 | OK |
Version: 1.0.0
Check: CRAN incoming feasibility
Result: NOTE
Maintainer: ‘Roel Braekers <roel.braekers@uhasselt.be>’
No Authors@R field in DESCRIPTION.
Please add one, modifying
Authors@R: c(person(given = "Leen",
family = "Prenen",
role = "aut"),
person(given = "Roel",
family = "Braekers",
role = c("aut", "cre"),
email = "roel.braekers@uhasselt.be"),
person(given = "Luc",
family = "Duchateau",
role = "aut"),
person(given = "Ewoud",
family = "De Troyer",
role = "aut"))
as necessary.
Flavors: r-devel-linux-x86_64-debian-clang, r-devel-linux-x86_64-debian-gcc